Let q = t + r. List the prime factors of q.
13
Let m(z) = z**3 + 4*z**2 + 8*z + 37. List the prime factors of m(-4).
5
Let j(w) = 5*w**2 + w - 11. List the prime factors of j(-6).
163
Suppose 4*j - 9*j = -40. Suppose 0 = i - 5 + 1. Suppose -3*l + j*k - 3*k = -47, 2*l - i*k = 28. What are the prime factors of l?
2, 3
Let i = 4 + -1. Suppose -2*h - 8 = 0, 0 = -d + 4*h - i*h + 1. List the prime factors of d*(-8)/12*2.
2
Suppose -2*f = -3*s + 1842 - 41, 5*s - 2995 = 2*f. What are the prime factors of s?
3, 199
Let a = 10 - -26. Suppose -2*g + a = -40. List the prime factors of g.
2, 19
Suppose 0 = b + s - 3*s - 360, 0 = -5*s + 15. List the prime factors of b.
2, 3, 61
Let d(p) = p**2 + 34*p - 11. List the prime factors of d(10).
3, 11, 13
Let v = 11 - 11. Suppose 3*g = -v*g - 3*j + 213, -g - 3*j = -63. Let r = g + -38. List the prime factors of r.
37
Let u(g) = -20*g + 92. Let s(q) = -3*q + 13. Let y(f) = -44*s(f) + 6*u(f). Let r = 307 - 300. What are the prime factors of y(r)?
2
Suppose 0*c - c - 5832 = -5*a, -a + c = -1164. List the prime factors of a.
3, 389
Let i = -9 + 29. Let o be 5/30*1 + (-2590)/(-12). Suppose 17*f = i*f - o. List the prime factors of f.
2, 3
What are the prime factors of 40/5 - (-35616)/12?
2, 3, 31
Let i(g) = 142*g**2 - g + 16. Let o be i(-4). What are the prime factors of (-1 + 2)/(-5 + o/458)?
229
Let f(y) = -6*y - 39. Let d be f(-6). Let i(v) = v**3 + 2*v - 2 + 2*v**3 - 4*v**3. What are the prime factors of i(d)?
19
Suppose 2*d = -h + 59, -d + 4*h + 112 = 3*d. Let f = d + -9. What are the prime factors of f?
2, 5
Let c = -1572 - -2462. What are the prime factors of c?
2, 5, 89
Suppose b + 630 = 8*b. What are the prime factors of b?
2, 3, 5
Let o(p) = p**3 + 11*p**2 - p - 3. Let l be o(-11). Suppose 0 = l*m - 656 + 192. What are the prime factors of m?
2, 29
Let s = -212 + 353. Suppose 5*w - 6*w + s = 0. What are the prime factors of w?
3, 47
Let b(v) = 6*v - 4. Let s(r) = -r**3 - 5*r**2 + 5*r - 3. Let j be s(-6). What are the prime factors of b(j)?
2, 7
Suppose s = -3*o + 7, s + 5 = 5*o - 4. Suppose -j + 46 = 4*m - 41, 2*j = -o*m + 42. What are the prime factors of m?
2, 11
Suppose -11485 - 72542 = -37*d. What are the prime factors of d?
3, 757
Suppose -3*m - 4*w = -2460, -3*m + 4*m - 820 = 3*w. What are the prime factors of m?
2, 5, 41
Let l = 2651 + -1572. What are the prime factors of l?
13, 83
What are the prime factors of (-11 + (-1362)/12)/((-3)/10)?
5, 83
Let k be 5/(-3)*2*6/5. List the prime factors of 5*((1928/(-10))/k - -3).
2
Let y be (-92)/23 - (-9)/1. Suppose y*u = -139 + 464. List the prime factors of u.
5, 13
Let c = 1231 - 759. What are the prime factors of c?
2, 59
Let z = -2 - -6. Suppose -q + 4*g - 162 = 0, 0*q - 2*g - 630 = z*q. List the prime factors of q/(-14) + (-6)/21.
11
Suppose 0 = 4*n + 2*u + 3*u - 25, -5*u = -2*n - 25. Let h(f) = 0*f + 4 + n*f - 6*f - 21. What are the prime factors of h(-10)?
43
Let o be (3 - 3/1)*-1. Suppose o = r - 2*l + 3 + 3, 0 = 4*l - 16. Suppose 40 + 52 = 3*m + r*t, 0 = m + 5*t - 22. List the prime factors of m.
2
Let z(c) = -c - 1. Let a be z(-5). Let n be (1/2)/(2/(-16)). What are the prime factors of n*-58*a/32?
29
Let u(b) = 44*b**2 - 2*b - 13. What are the prime factors of u(3)?
13, 29
List the prime factors of 1700/(-102)*(-144)/10.
2, 3, 5
Suppose 3*y + 2*y = 0. Suppose y*p - 1 = p. What are the prime factors of (p - -70)*(-2)/(-6)?
23
Let r(t) = -2*t**3 + 2*t - 4*t + t - 3*t**2 + 0 + 1. Let s be 3*(-4 + 4 + -1). What are the prime factors of r(s)?
31
Let a(k) = -32*k + 8. Let m be a(1). Let g = m + 137. What are the prime factors of g?
113
Suppose 18*m - 9982 = 4*m. List the prime factors of m.
23, 31
Let r(n) = n**3 - 5*n**2 + 2*n - 10. Let u be r(7). Suppose -4*p + 36 = q, -3*p = -2*q - p + u. Let a = q + -21. What are the prime factors of a?
3
What are the prime factors of (-48)/(-15) + -3 + 73794/30?
2, 3, 5, 41
Suppose 0 = 3*r - a - 4040, 3*r = 4*a - 7*a + 4020. What are the prime factors of r?
5, 269
Let y = -10 - -13. Suppose -u - 6 = -4*z - 4, z + 38 = y*u. What are the prime factors of 306/u + 3/21?
2, 11
Let u = 4414 - 445. List the prime factors of u.
3, 7
Suppose 0 = -4*z + 5*i - i + 188, i = -4. List the prime factors of z.
43
Let s be (12/(-30))/((-1)/(-5)). Let i be -1 - -4 - (-4)/s. Suppose -15 = -0*p - 5*p, -4*w + 5*p = -i. List the prime factors of w.
2
Suppose -5*p + 75 = 2*u, 2*p - 5 = 1. List the prime factors of u + -3 - 8/4.
5
Let a = 4230 + -2134. What are the prime factors of a?
2, 131
Suppose 0 = 4*o + 8, 3*a + 0*a - 42 = 3*o. Let x = a + -12. Suppose 4*i - i - 84 = x. List the prime factors of i.
2, 7
Let u = 272 - 162. Let t = -93 + 164. Let r = u - t. What are the prime factors of r?
3, 13
Let a = 11567 + -6507. What are the prime factors of a?
2, 5, 11, 23
Let u(y) = 20*y - 8*y + 9*y - 9. List the prime factors of u(6).
3, 13
Suppose -13908 = 29*o - 86*o. What are the prime factors of o?
2, 61
Let a(k) = 991*k - 89. List the prime factors of a(6).
5857
Let o = 0 + -4. Suppose -z = 3*l - 5*z + 313, -l - 5*z = 98. What are the prime factors of (-2)/(-8) + l/o?
2, 13
Let j(t) = 9*t + 1. Let i be (-2 - -1 - 0)*1. Let b be j(i). Let y = b + 11. List the prime factors of y.
3
Suppose r + 4*r - 35 = 2*d, 0 = 5*r + 3*d - 60. Suppose -163 = -2*z - 19. Suppose r*g - 5*g = z. What are the prime factors of g?
2, 3
Suppose t + 2*h = 110, 3*t = 3*h + 304 + 62. Suppose 0 = 5*f - 5*l - 355, -4*f + l + t = -178. List the prime factors of f.
3, 5
Suppose 4*o - 3*c - 57 = 0, 4*o + 2*c - 64 = -2*c. Let n be 10/(-25) + 424/10. Let h = n - o. What are the prime factors of h?
3
Let j be (1/1)/((-5)/(-15)). Suppose 18 = -q + j*q. Suppose -4*s + 28 = 2*t, -t = -0*t + 3*s - q. What are the prime factors of t?
2, 3
Let o(g) = g**3 - 2*g**2 - 16*g + 16. List the prime factors of o(11).
929
Suppose -35 = 3*s + 10. Let n(o) = o**2 + 14*o + 3. What are the prime factors of n(s)?
2, 3
Let y = 25 - 13. Let k be (4/(-2))/((-3)/15). Let z = y - k. What are the prime factors of z?
2
Suppose -35 - 17 = -13*o. Suppose 4*r + 125 = 4*p + 581, 0 = -o*r - 4*p + 488. What are the prime factors of r?
2, 59
Suppose -2*z - 12 = 20. Let v = z + 15. What are the prime factors of 62*2/4 + v?
2, 3, 5
Let p be -81*3/(-27)*-6. What are the prime factors of p/72 - (-510)/8?
3, 7
Let v(a) = 5*a**2 + 17*a - 4. Let x(u) = 7*u**2 + 18*u - 3. Let s(f) = 4*v(f) - 3*x(f). Suppose -39 = -0*p - 3*p. List the prime factors of s(p).
2, 3
What are the prime factors of -1*7 + 4095/5?
2, 7, 29
Suppose 2*p + 8 = 4*p. Suppose 217 = p*j - y, j - 2*y = -4*y + 52. What are the prime factors of j?
2, 3
What are the prime factors of (15/(0 + 3))/((-3)/(-1299))?
5, 433
Suppose 2*t = 13 + 7. Let x = t - -37. What are the prime factors of x?
47
Let w be (2/5)/(4/380). Let j = 28 + w. What are the prime factors of j?
2, 3, 11
Let b(s) = -s**2 - 5*s. Suppose 0 = o - a - 3 + 10, a + 9 = -3*o. Let t be b(o). Suppose 11 = -t*k + 39. What are the prime factors of k?
7
Suppose 0 = -4*d + 12352 - 1980. What are the prime factors of d?
2593
Suppose 16*a - 497 = -81. Let x(r) = -3*r**3 + 2*r**2 + 2*r + 1. Let w be x(-1). Suppose u - a = -u - 2*q, -w*q + 62 = 5*u. What are the prime factors of u?
2, 5
Let n(f) = 7*f + 7. Let b(g) = 13*g + 15. Let t(r) = 2*b(r) - 5*n(r). List the prime factors of t(-2).
13
Let u = 329 + -231. Suppose u = 4*o - 134. List the prime factors of o.
2, 29
Suppose x = -2*a - 22, 0*x - 4*a = x + 32. Let s be ((-8)/x)/1*6. Suppose w - h = 20, -3*h = -s*w - w + 92. List the prime factors of w.
2
Let w be ((-6)/4)/(6/1048). Let d be (w/(-5))/((-12)/(-30)). Suppose 139 = 6*v - d. What are the prime factors of v?
3, 5
Let g = -12 - 27. Let i = -18 - g. What are the prime factors of i?
3, 7
Suppose -6*y + 77 = 11. List the prime factors of (-9 - 1)/(-5) + y.
13
Suppose -4*a = 4*z - 208, z = 5*a - 0*z - 278. List the prime factors of a.
5, 11
List the prime factors of ((-168)/(-9))/((-2)/90*-3).
2, 5, 7
Let g(m) = -m**3 + 5*m**2 + 11*m + 13. Let w be g(10). Let c be (-1)/6 + w/6. Let o = c + 102. What are the prime factors of o?
3, 13
List the prime factors of (-5)/(-25) - (-13)/((-65)/(-4964)).
3, 331
Let q(o) = 63*o + 2. Let y be q(6). Suppose 5 - y = -5*x. Suppose a - x = -0*a. List the prim